se 11?
3833521
-346a6 (base 13) to base 2
-10111010110000101
-2454168 (base 9) to base 3
-2111211012022
-10ee97 (base 15) to base 10
-809917
What is 784603 (base 9) in base 15?
94076
Convert -114321414 (base 5) to base 10.
-542109
-691cb9 (base 13) to base 4
-21133231200
What is 11211001200112 (base 3) in base 11?
1499420
877617 (base 10) to base 7
10313436
-866350 (base 10) to base 6
-30322514
Convert 7573 (base 13) to base 7.
65401
-375068 (base 12) to base 11
-565507
What is -68b50 (base 13) in base 14?
-4d7b4
What is -349a5c (base 16) in base 15?
-4816ad
-96a4 (base 12) to base 10
-16540
Convert -15663536 (base 7) to base 2.
-101110101001000010001
-12732762 (base 8) to base 7
-33230452
What is -11a91a (base 11) in base 7?
-1421156
-1938d (base 15) to base 8
-237620
Convert -a6176 (base 11) to base 7.
-1212505
Convert -2001102200200 (base 3) to base 2.
-100001010011000010000
-260603 (base 8) to base 5
-10343444
Convert -b732a3 (base 12) to base 6.
-141521523
Convert 102110221110 (base 3) to base 10.
225948
Convert 868114 (base 9) to base 11.
323a42
Convert 111000111001010010 (base 2) to base 6.
4554522
What is 11100100001001111011000 (base 2) in base 16?
7213d8
1111013020 (base 4) to base 14
91092
103402 (base 7) to base 15
5524
What is 1201200 (base 3) in base 14?
660
What is -100011110011110111000101 (base 2) in base 5?
-4400344321
What is -1a087 (base 11) in base 4?
-12312032
What is 32b (base 14) in base 7?
1554
Convert -754062 (base 8) to base 14.
-67b6a
What is -2444620 (base 7) in base 5?
-40020220
Convert -59438 (base 12) to base 13.
-42725
21221330330 (base 4) to base 8
11517474
What is -1bbadd (base 15) in base 14?
-274173
What is 213032332302 (base 4) in base 3?
201100112100010
-2a7a31 (base 14) to base 12
-5b50a3
Convert 101001000110000000001101 (base 2) to base 10.
10772493
Convert -114000414 (base 6) to base 15.
-2c5e3a
Convert 64876c (base 13) to base 7.
26031643
What is -12001221110 (base 3) in base 2?
-11000010111110111
What is -11331131202 (base 4) in base 3?
-2221101022010
-201200123 (base 4) to base 5
-13342433
Convert 120121130 (base 5) to base 15.
ad5b0
2238457 (base 9) to base 7
13154401
Convert 3a26265 (base 12) to base 5.
10420422402
What is 5544222 (base 9) in base 6?
143524332
What is 3342362 (base 7) in base 8?
1450231
What is -88544 (base 12) in base 4?
-230010010
What is 11101212111 (base 3) in base 4?
111022000
684b6 (base 12) to base 10
138954
144020301 (base 5) to base 15
1023a1
What is 42a611a (base 11) in base 13?
174a4a4
Convert -1b6297 (base 13) to base 2.
-10101010101011100100
What is -1360a6 (base 16) in base 14?
-250b30
What is 31110133321 (base 4) in base 9?
6511804
What is -85118 (base 12) in base 4?
-222221210
What is b35b5 (base 12) in base 6?
5003545
What is 1113444341 (base 5) in base 14?
489534
Convert -2530370 (base 9) to base 8.
-5203504
Convert 215812 (base 9) to base 15.
28328
Convert -10000110010111000101101 (base 2) to base 3.
-22021200102012
-11273931 (base 10) to base 13
-2449686
Convert -121313122 (base 5) to base 12.
-237668
Convert 7c8c2a (base 13) to base 5.
1224231143
Convert 196cc (base 16) to base 7.
612421
231c43 (base 13) to base 4
3023100211
Convert -152d5a1 (base 15) to base 8.
-72375015
What is -231412204 (base 5) in base 3?
-1222002000211
What is 2a6551 (base 15) in base 8?
7634763
What is 202a88 (base 11) in base 4?
1033212312
Convert -1151251 (base 6) to base 4.
-32330233
Convert 224623 (base 7) to base 13.
15337
-1701c (base 14) to base 8
-160462
What is c3b99 (base 14) in base 4?
1303013123
What is 46998 (base 16) in base 15?
5aa36
Convert -42053331 (base 6) to base 7.
-13241521
What is -2438686 (base 9) in base 16?
-143865
Convert -4343 (base 9) to base 3.
-11101110
What is -5661527 (base 9) in base 11?
-17a5038
What is -110210110010112 (base 3) in base 2?
-11001111100000001110110
-5457314 (base 8) to base 4
-11211323030
Convert 586713 (base 10) to base 5.
122233323
What is 11120001121 (base 3) in base 9?
146047
What is 4303544 (base 6) in base 4?
303131320
-41242232 (base 5) to base 11
-210379
What is -496da (base 16) in base 14?
-7b870
Convert 201451 (base 8) to base 12.
32489
-1333020 (base 8) to base 13
-101495
-4315005 (base 7) to base 2
-10000000001101010010
What is 2001300331 (base 4) in base 9?
1000084
What is -129d962 (base 14) in base 6?
-520353110
Convert -450113 (base 8) to base 16.
-2504b
What is 8ae16 (base 16) in base 9?
1056280
-744252 (base 9) to base 16
-6c158
efc8a (base 16) to base 5
222412104
281204 (base 9) to base 4
221313121
Convert -28a223 (base 11) to base 8.
-1564307
What is 25013146 (base 7) in base 9?
4182104
What is -3113101003 (base 4) in base 12?
-366317
What is 1031890 (base 12) in base 9?
5660380
Convert aed47 (base 15) to base 6.
15532204
What is 256763 (base 8) in base 6?
1530431
-102061 (base 7) to base 13
-7c9c
-5cec4 (base 15) to base 6
-10210451
What is -2030531 (base 7) in base 13?
-86666
What is -102353621 (base 7) in base 6?
-333545235
What is -2011133231 (base 4) in base 6?
-15415245
a93d2d (base 16) to base 6
1033420205
-251263516 (base 7) to base 13
-3379177
Convert -629705 (base 14) to base 4.
-30230330321
Convert -1d6a9 (base 16) to base 3.
-20010021120
10202210201 (base 3) to base 13
27a1b
Convert -110000010110111001 (base 2) to base 7.
-1453321
-11311533 (base 6) to base 14
-92209
Convert -22171 (base 16) to base 2.
-100010000101110001
What is 1143564 (base 8) in base 12?
131304
Convert 110022201222222 (base 3) to base 4.
120332331113
-1000100101000011110 (base 2) to base 10
-281118
Convert 54b4a (base 14) to base 9.
342526
-804867 (base 9) to base 14
-c5693
What is 3252b2 (base 14) in base 15?
23a0d2
What is -22765 (base 10) in base 16?
-58ed
Convert 224055 (base 7) to base 12.
1b070
What is 1233100203 (base 4) in base 16?
6f423
What is -23123232330 (base 4) in base 14?
-5803a4
Convert -5888463 (base 9) to base 10.
-3188298
Convert -35217 (base 9) to base 16.
-5bd2
-217eb4 (base 16) to base 7
-24441531
What is 1011011111010000110000 (base 2) in base 14?
585768
-300063 (base 7) to base 6
-1025350
What is -215016205 (base 7) in base 16?
-c58a20
What is 2012020110010 (base 3) in base 6?
40554050
425183 (base 9) to base 4
331302333
What is 21004320 (base 5) in base 9?
282512
Convert 5133420 (base 7) to base 14.
11d810
-265060 (base 7) to base 5
-3043102
-64264 (base 11) to base 4
-112310222
Convert 772565 (base 10) to base 14.
161793
Convert -85444 (base 11) to base 15.
-26c7a
-324187 (base 9) to base 16
-2f341
Convert 980e0 (base 16) to base 7.
5202535
Convert 1044545 (base 12) to base 13.
8394a7
Convert -2235251 (base 7) to base 10.
-277964
3021231 (base 4) to base 9
18633
Convert 1122111 (base 4) to base 9.
7833
What is 6465304 (base 7) in base 4?
3000232102
What is -151635 (base 8) in base 16?
-d39d
What is -1678297 (base 10) in base 14?
-3198a5
What is -42042232 (base 6) in base 16?
-1298cc
What is -37862 (base 12) in base 4?
-102130022
Convert 4431b5 (base 13) to base 3.
10000121110111
What is 111000111010001010001 (base 2) in base 12?
75b1a9
What is 512453 (base 8) in base 11?
106192
What is 91d3a5 (base 14) in base 13?
1031332
13472 (base 8) to base 12
3536
What is 3c77 (base 16) in base 2?
11110001110111
What is -25144154 (base 7) in base 10?
-2263202
Convert 36334355 (base 7) to base 14.
60329c
What is -8a2d6 (base 14) in base 12?
-142098
70c92c (base 14) to base 10
3799500
-3240232 (base 5) to base 2
-1101100110001100
Convert 3000435 (base 6) to base 8.
421547
Convert -3415e (base 15) to base 11.
-103537
Convert 7acb0d (base 14) to base 9.
7776356
What is 31523 (base 10) in base 3?
1121020112
Convert 321120333 (base 4) to base 16.
3963f
6678e (base 15) to base 4
1033201031
17c581 (base 14) to base 9
1521264
-100640 (base 8) to base 3
-1200112001
Convert 4070514 (base 9) to base 13.
5b0894
Convert 520457 (base 11) to base 16.
cbe0b
Convert 13203122223 (base 4) to base 9.
3647133
398cd7 (base 14) to base 5
1001434314
What is -120400403 (base 5) in base 2?
-10001000100101110110
Convert -a496938 (base 11) to base 7.
-313152620
Convert -101111110011010 (base 2) to base 14.
-8cc2
What is 1513425 (base 6) in base 8?
253131
Convert -20ad3 (base 14) to base 3.
-11000100002
3432232 (base 5) to base 15
13397
What is -